t r be h(k). Calculate the highest common divisor of r and 42.
6
Suppose -42 = -3*c + 3*m, -4*m - 42 = -3*c + 4. What is the greatest common factor of c and 30?
10
Suppose 27 + 13 = 5*j. Let v = 5 - 5. Let d(c) = -c**3 - c**2 - c + 24. Let m be d(v). Calculate the greatest common factor of m and j.
8
Let p = 428 - 302. Suppose 0 = -f + p + 83. Suppose -4*j + f = 17. What is the highest common factor of 72 and j?
24
Suppose 0 = 2*k + 2*k - 32. Let b(f) = f**3 - 8*f**2 + 2*f - 12. Let s be b(k). Suppose -q + 80 = s*q. What is the greatest common factor of 4 and q?
4
Let g = 1211 - 793. Let p = g - 247. What is the greatest common factor of p and 19?
19
Suppose 4 = -q + 70. Let u = 28 + -22. Calculate the greatest common divisor of q and u.
6
Let v(a) = 5*a + 5 + 0 - a**2 + 0*a**2. Let c be v(5). Calculate the highest common divisor of c and 15.
5
Let q(z) = 2 + 4*z - 4*z - 1 + 2*z - 4*z**2. Let p be q(-1). Let y(l) = -l**2 - 4*l + 7. Let m be y(p). Calculate the highest common factor of m and 10.
2
Let m = 50 - 14. Let q be (-12)/8 + (-55)/(-10). Calculate the greatest common divisor of m and q.
4
Let b be (-3)/(-6 + 3) - -213. Suppose 0*r + b = 2*r + 4*f, 0 = -3*r + 3*f + 285. What is the highest common factor of 9 and r?
9
Let a be (8/16)/((-1)/(-2)). Calculate the greatest common divisor of a and 5.
1
Suppose 0 = 5*q - 3*u - 33, 6*q + u - 5 = 5*q. Let p be (3 + -2 + -3)/(-1). Suppose p*f = -f + 198. What is the greatest common factor of q and f?
6
Suppose -5*p + 2*l + 132 = 0, -19 = -p + l + 8. Calculate the highest common factor of 182 and p.
26
Suppose -4*w = 4*d - 44, -4*d = -0*d - w - 59. Let b(c) = -c**2 + 18*c - 11. Let r be b(d). What is the highest common divisor of r and 9?
9
Suppose 23 = 4*k - 3*d, -6 = -2*k + k + d. Suppose k = -0*t + t. Suppose -56 = -5*h + 2*j, 5*h - 26 = 3*h + 2*j. What is the greatest common factor of h and t?
5
Let a(t) = 5*t**3 + 4*t**2 - 2*t - 3. Let j be a(3). Suppose l + 3*w = 3, -10 = -2*l + w + 31. What is the greatest common divisor of l and j?
18
Suppose -4*r = -2*g - r + 78, -3*g = -3*r - 117. Calculate the highest common factor of 429 and g.
39
Let n be ((-30)/(-9))/(1/(-3)). Let u = n - 1. Let z = u + 31. Calculate the highest common factor of z and 100.
20
Suppose -3*z + 210 = 4*m, 4*z - 23 - 131 = -3*m. Calculate the greatest common factor of m and 6.
6
Let h = -70 - -73. Calculate the greatest common divisor of h and 3.
3
Let n(b) = 0*b**2 + 3 - 7 - b**3 + b**2 - 4*b + 6*b**2. Let m be n(6). Suppose 0 = -3*r + 6*r - 48. What is the greatest common divisor of r and m?
8
Let m(w) = -w**2 + 34*w + 17. Let d be m(11). What is the greatest common divisor of d and 15?
15
Suppose -3*f - f - 4*a + 20 = 0, -f - 4*a = -5. Let u be (-4)/20 - (-11)/f. Let j = -37 - -55. Calculate the greatest common divisor of j and u.
2
Let y(v) = 3*v**2 - 2*v + 1. Let d be y(2). What is the greatest common divisor of 99 and d?
9
Let t(h) be the first derivative of -h**3/3 + 5*h + 7. Let j be t(0). Calculate the highest common factor of 55 and j.
5
Suppose 2*d = 4*c - 56, -19 = d + c - 0*c. Let t = 37 + d. Suppose 2*l - 3*x = 126, 5*l + 0*l - 294 = -3*x. What is the highest common divisor of t and l?
15
Suppose 3*q - 70 + 4 = -2*v, 5*q = 20. Let s be (-148)/(-16) + 4/16*-1. What is the highest common divisor of s and v?
9
Let o = 10 - -32. Let n = o + -12. Suppose 0 = -5*j + 2*j - 12, -5*z = -5*j - 45. What is the highest common factor of n and z?
5
Let c(a) = 4*a**2 - 2*a - 1. Let v be c(-1). Calculate the highest common factor of v and 10.
5
Let o = -1 + -5. Let b = 15 + o. Calculate the highest common divisor of b and 27.
9
Suppose 5 = 5*f, t + 3*f + 38 = 101. Calculate the greatest common divisor of t and 10.
10
Let y = -428 - -608. Calculate the greatest common factor of y and 18.
18
Let m be -3 + (6 - 2) + 31. Calculate the highest common divisor of 16 and m.
16
Let x(d) be the second derivative of 0 + 1/3*d**3 + d**2 - 3*d. Let s be x(5). Calculate the greatest common divisor of s and 4.
4
Suppose -3*v + 25 = -2. Suppose 29*m - 30*m = 1. Let l = v + m. What is the highest common divisor of l and 72?
8
Let j(i) = -i**2 + 6*i. Let o be j(5). Calculate the greatest common divisor of 5 and o.
5
Suppose -5*b + 3*s + 22 = 1, 5*s + 10 = 0. Let j be (2/b)/((-10)/(-195)). Let g = -3 + j. Calculate the greatest common factor of g and 10.
10
Let v(k) = -k**3 + 8*k**2 + 9*k + 3. Let x be v(8). Calculate the highest common factor of 50 and x.
25
Let b(y) = 2*y + 8. Let j be b(-5). Let l be 132/(-6)*1/j. What is the highest common divisor of 33 and l?
11
Let g = 367 + -645. Let v = 476 + g. Let w be ((-12)/(-24))/((-1)/(-36)). Calculate the highest common factor of w and v.
18
Let o be ((-9)/(-6))/(2/360). Suppose o = 2*g + 3*g. Suppose 0 = 2*d + 4 - 40. Calculate the greatest common factor of g and d.
18
Let k = 8 + -3. Calculate the highest common divisor of 5 and k.
5
Suppose -5*b - 13 - 2 = 0. Let p = 12 + b. What is the highest common divisor of 6 and p?
3
Let t be 1 + -2 + (-2 - -2). Let z = 2 - t. Let o(b) = -b**2 - 14*b + 12. Let k be o(-14). What is the greatest common factor of k and z?
3
Let u(g) be the second derivative of -11*g**4/12 + g**2/2 - 2*g. Let o be u(-2). Let j = o - -61. Calculate the greatest common factor of j and 72.
18
Let d = 58 + -46. Suppose -i - 241 = -4*l, -5*i + 3*i - 2 = 0. What is the greatest common divisor of d and l?
12
Let x = -43 - -52. Calculate the highest common divisor of 45 and x.
9
Suppose 3*k + 19 = -251. Let x = -45 - k. Calculate the highest common factor of 30 and x.
15
Let m be (-1779)/(-21) - 2/(-7). Let z be (-9)/(-12)*(-1 + m). Let y(t) = -t**2 + 8*t - 8. Let d be y(5). Calculate the greatest common factor of z and d.
7
Suppose -2*p + 5*i - i = -2, -4 = -2*i. Suppose 4*v - p = 11. Suppose -4 = 5*t - 24. What is the highest common factor of t and v?
4
Let q = -19 - -22. Let r = -1 + 2. What is the greatest common factor of q and r?
1
Suppose 2*z + p - 180 = 0, 136 + 296 = 5*z - 2*p. Let a = 10 - -1. Calculate the greatest common factor of a and z.
11
Suppose 0 = -3*c - 2*o + 178, -5*o = -4*c + 3*c + 65. Calculate the highest common factor of 150 and c.
30
Let p = 444 - 257. Let r(k) = 8*k + 1. Let f be r(2). What is the greatest common divisor of f and p?
17
Let k(j) = j**2 + 2*j + 110. Let d be k(0). What is the greatest common factor of 10 and d?
10
Suppose -2*j - 2*j + 32 = 0. Suppose 3*d - 8 = -5*w, -4*w + 12 = d - 7*w. Let h = d + j. What is the highest common divisor of 14 and h?
14
Suppose 0 = -2*t + 28 + 12. Suppose 2*i - 6*i - t = 0, 2*k = -i + 31. Calculate the greatest common factor of 36 and k.
18
Let k = 10 - 8. Suppose -4*s - 3*u + 191 = 0, s + 1 = -k*u + 55. Calculate the greatest common factor of 11 and s.
11
Suppose -3*t - 3*b = 60, 2*t + 2*b = 7*t + 65. Let s = t + 5. Let y be (-96)/(-10) - s/25. Calculate the highest common factor of 50 and y.
10
Let m = -4 - -6. Let q be 0*(-2)/(-8)*m. Suppose -4*x + 56 = -q*x. What is the greatest common divisor of 21 and x?
7
Let j = 19 - 11. Suppose -z + j = -8. Suppose -10 = 4*u - 26. Calculate the greatest common divisor of z and u.
4
Suppose 0 = -s + 6 + 1. Suppose 4*z - 3 + 2 = -3*x, 3*z = -3*x - 3. Let v = s + z. Calculate the greatest common divisor of v and 1.
1
Let f(r) = -20*r. Let b = -2 + 4. Let d(g) = -g**2 + 2*g - 1. Let z be d(b). Let p be f(z). What is the greatest common divisor of p and 140?
20
Let a(i) = -i**3 + 6*i**2 + 8*i + 4. Let u be a(7). What is the highest common divisor of 44 and u?
11
Suppose 2*g - 16 = -2*g. Let v be (-5)/((-5)/4) + 2. Suppose -2 = 2*x - 2*j, v*x = 2*x - j + 11. Calculate the greatest common divisor of x and g.
2
Suppose 8*r - 3*r = -4*h + 220, 4 = r. What is the highest common divisor of 10 and h?
10
Let c(a) = -2*a + 7. Let o be c(-5). Let r(u) = 148*u - 12. Let q be r(1). What is the greatest common divisor of q and o?
17
Suppose -2*j + 32 = -y + 3*y, 0 = -2*y - 5*j + 29. Calculate the greatest common divisor of y and 51.
17
Let h = 1193 + -749. Suppose -2*r + 254 = 3*j, 3*j = 3*r - 165 + h. What is the greatest common divisor of j and 8?
8
Suppose -p - 5 = -2*p. Suppose -5 = -5*j - 15, -5*s + 15 = p*j. Suppose 21 - 246 = -s*i. Calculate the highest common divisor of 5